 w?
5
Let m be (4/3)/(-1) + 4/(-6). Let b(h) = -5*h + 3. What are the prime factors of b(m)?
13
Let a(o) = 17*o**2 - 67*o - 1. List the prime factors of a(-7).
1301
Suppose 4066*f - 4070*f = -9464. What are the prime factors of f?
2, 7, 13
Suppose 2*p = -0*p. Suppose p = 3*x - 4*k - 107, 3*x - 2*k + 0*k - 103 = 0. Let n = x - 11. What are the prime factors of n?
2, 11
Suppose 1076 = 2*b + 3*s + 260, -4*b - 3*s + 1644 = 0. List the prime factors of b.
2, 3, 23
Let f = -244 + 565. What are the prime factors of f?
3, 107
Let f(w) = 7*w**3 - 4*w**2 + 2*w + 27. List the prime factors of f(6).
3, 7, 67
What are the prime factors of 273*33/(-12)*(-52)/39?
7, 11, 13
List the prime factors of (-17151)/(-15) - -3 - 18/45.
2, 3, 191
Let a be (20/80)/((-2)/(-56)). What are the prime factors of (a/2)/7*274?
137
Let s(z) = -z + 1. Let b be s(0). Suppose 3*c - 6 = -3*h, 4*c + 3*h - 6*h - 1 = 0. List the prime factors of 2/b - c - -4.
5
Let q be (2/4)/(2/36). Suppose 2*c + 1 - q = 0. Suppose -c*a = 23 - 167. What are the prime factors of a?
2, 3
Let y = 774 - 373. What are the prime factors of y?
401
Let r = 120 - 48. Suppose -3*u - 5*f + 266 = 0, -5*u - 3*f + r + 366 = 0. What are the prime factors of u?
3, 29
Let h(k) = -k**3 + 10*k**2 + 12*k - 5. Let s be h(11). Let d(l) = 10*l + 8. List the prime factors of d(s).
2, 17
Let g(i) = -i**3 - 7*i**2 + 2*i + 10. Let j be g(-7). What are the prime factors of j/(-4) - 7/((-14)/60)?
31
Suppose -4*o - 4*o + 912 = 0. Suppose -c = -5*m + 68, -2*c - 4*m - 398 = 3*c. Let k = c + o. What are the prime factors of k?
2, 3
Let v(m) = -27*m + 1. Let x(g) = g. Suppose 3*l = 3*w - 6, 3*l = -w - l - 3. Let y(n) = w*v(n) + 4*x(n). List the prime factors of y(-3).
2, 5, 7
Suppose 2*u - 8 = 0, -2*d + 35 = d + 5*u. Suppose -2*o + 441 = 3*z - 9, 0 = d*o - 5*z - 1175. List the prime factors of o.
3, 7, 11
Let c(o) = 4*o**2 + 19*o + 348. List the prime factors of c(-30).
2, 3, 563
Let d be -1 + 2 + 2 + 472. Let v = d + -867. What are the prime factors of (-12)/(-54) + v/(-18)?
2, 11
Let o = -21 + 23. Suppose 2*f = -o*f - n + 420, n = f - 110. List the prime factors of f.
2, 53
Suppose 0 = -4*k - 4*o + 72, -o + 5*o - 46 = -2*k. Let m(z) = z**3 - 12*z**2 - 9*z + 17. List the prime factors of m(k).
3, 23
Suppose 7*n - 6 - 15 = 0. Suppose -4*l = c + 17, c = -3*c - n*l - 3. Suppose f - 21 = -2*x, 5*x - c*f - f - 85 = 0. What are the prime factors of x?
13
Suppose -2*y = 4*m - 3232, -5*y = 12*m - 8*m - 8104. List the prime factors of y.
2, 7, 29
Suppose -t + 28 = 3*v - 5*v, -3*t + 90 = -3*v. Let q = t - 15. What are the prime factors of q?
17
Suppose 0 = -18*p + 23*p - 655. What are the prime factors of p?
131
Let u = -26 - -26. Suppose 4*k = i - 95, u = -4*k - k - 5. What are the prime factors of i?
7, 13
List the prime factors of (-35)/(((-32)/(-248))/(-4)).
5, 7, 31
Let w(q) = -q**3 + 9*q**2 + 2*q - 4. List the prime factors of w(7).
2, 3
Suppose -8*f + 1827 = -5*f - z, -5*f = -z - 3045. What are the prime factors of f?
3, 7, 29
Suppose 0 = i + 5*f - 3*f - 500, -5*i = 4*f - 2476. List the prime factors of i.
2, 3, 41
Let i(h) = -1 + 3 - 10*h**2 - 7 + 1. Let g be i(-3). Let q = g + 134. What are the prime factors of q?
2, 5
Suppose 5*q - 2946 = 2*f, 4*q + 5*f - 2356 = 7*f. List the prime factors of q.
2, 5, 59
Suppose 2*z = 3*r + 21, -r - 5 = 3*z - 20. Suppose -15 - 3 = -z*t. What are the prime factors of t?
3
Suppose -f - 27 = u, -u + 2*u - 4*f = -42. List the prime factors of (-1708)/(-15) - (2 - (-64)/u).
2, 3, 19
Suppose 0 = -4*g + 79 + 29. Let k = g - 23. Suppose 0 = -3*r + c + 167, k*c - 4 = 3*c. List the prime factors of r.
3, 19
Let k be (-57)/(-19) + -106 + -1. Let t = -328 - k. List the prime factors of ((-9)/6)/(12/t).
2, 7
Let d be -1*2*(-3)/3. Let l be -2 + 59 + (4 - d). Suppose -2*m + l = 3*t, -2*m + m - 3*t + 37 = 0. What are the prime factors of m?
2, 11
List the prime factors of 3550 + (-212)/36 + 6/(-54).
2, 443
Suppose -15 = 5*s, 5*j - 169 + 47 = 4*s. What are the prime factors of j?
2, 11
Let t = -288 - -961. What are the prime factors of t?
673
Suppose 17*z - 45 = 12*z. Suppose -5*c = -6 - z. What are the prime factors of (-12)/c - -2 - -29?
3
Let s = -906 - -1730. List the prime factors of s.
2, 103
Let b be 2/((-6)/75)*-4. Suppose 0 = 5*t - b - 110. Let i = t - 3. List the prime factors of i.
3, 13
List the prime factors of (1 - (-1)/2)/((-41)/(-19434)).
3, 79
Let m be (6/(-9))/(4/360). Suppose -73 - 83 = 4*w. Let v = w - m. List the prime factors of v.
3, 7
Let u(f) = 140*f - 162. List the prime factors of u(9).
2, 3, 61
List the prime factors of (-8)/14*(1806/(-12) + 0).
2, 43
Suppose -23*c = -45*c + 704. List the prime factors of c.
2
Suppose 4*b - 93 = 35. Let h = 2 - 2. Suppose h = -0*x - x + b. What are the prime factors of x?
2
Suppose -4410 = -5*x - 2*x. Suppose 0 = -26*o + 21*o + x. What are the prime factors of o?
2, 3, 7
Let z(m) = -5*m - 25. Let p(g) = 3*g + 12. Let i(q) = -5*p(q) - 2*z(q). What are the prime factors of i(-5)?
3, 5
Let i = -383 - -382. Let t(d) = 0 + 34*d - 82*d + 1. What are the prime factors of t(i)?
7
Suppose 0 = -5*m + 3*d + 1076, -3*m - 663 = -6*m - 4*d. List the prime factors of m.
7, 31
Let c(p) = -13*p - 4. Let z be c(5). Let m = z - -125. List the prime factors of m.
2, 7
Let z be ((-9)/(-18))/((-1)/(-6)). Let h = z + -9. List the prime factors of (h/(-5))/(-3)*-40.
2
Suppose -6 = a + 3*q, -66 = -a + 5*a - 2*q. Let m be (-16)/40 - 373/5. List the prime factors of (10/a)/(2/m).
5
Suppose 10423 + 28545 = 8*f. List the prime factors of f.
4871
List the prime factors of 1398 - (4/(-50) - (-86)/1075).
2, 3, 233
Suppose -216*p + 51084 = -189*p. What are the prime factors of p?
2, 11, 43
Suppose -k = -n - 0*n + 56, -4*n - 81 = k. Let j = -52 - k. What are the prime factors of j?
3
Let y(h) = 266*h**2 + 20*h - 18. What are the prime factors of y(3)?
2, 3, 7, 29
Let v = -27 - -29. Suppose 95 = o - v*q, -2*o + q = -o - 93. What are the prime factors of o?
7, 13
Suppose 5*o = 101 - 496. Let w = o - -130. List the prime factors of w.
3, 17
Let i(b) = -102*b**3 + 1. Let m be i(-1). Suppose 2*g + m = 433. List the prime factors of g.
3, 5, 11
Let r = 56 + 19. Let b = r + 21. What are the prime factors of b?
2, 3
Let n(p) = 18*p**2 - 34*p + 33. What are the prime factors of n(6)?
3, 53
Let r(x) = -6*x**2 - 3*x - 8. Let p(u) = 5*u**2 + 4*u + 9. Let f(c) = -6*p(c) - 7*r(c). What are the prime factors of f(4)?
2, 7, 13
Let z = -73 - -73. Suppose z = 2*n, -4*n + 724 = 4*k - 0*n. What are the prime factors of k?
181
Let o = 23 + -18. Suppose 3*t - 60 = -3*n, -4*t - 30 = -o*t + n. List the prime factors of t.
5
Suppose -5*x = 3*h - 12645, -13*x = -10*x - 5*h - 7621. What are the prime factors of x?
2, 3, 211
Let c(a) = -a**3 - 4*a - 3. Let r be c(-1). Suppose 3*b + r*b - 460 = 0. What are the prime factors of b?
2, 23
Let h = 2125 + 283. List the prime factors of h.
2, 7, 43
Let k(v) = -8*v + 19. List the prime factors of k(-12).
5, 23
Let z = 63 - 61. List the prime factors of ((-146)/(-4) - -4)*z.
3
Let v(b) = -34*b - 13. Let r = 47 - 52. What are the prime factors of v(r)?
157
Let w be (-20)/(8/(-2)) + -4. Suppose w = -3*d + 10. Suppose -2*v + 70 = d*q, 0*q - 105 = -3*v + 3*q. What are the prime factors of v?
5, 7
Suppose 2*s - 6 = 0, 5*q + s = 10 + 8. Suppose -122 = -5*o + q*b - 7*b, -44 = -2*o - 4*b. What are the prime factors of o?
2, 13
Let g(c) = -67*c + 90. List the prime factors of g(-27).
3, 211
Let r = -119 + 67. Let z = r + 109. What are the prime factors of z?
3, 19
Suppose -28140 = 41*n - 62*n. List the prime factors of n.
2, 5, 67
What are the prime factors of (-53)/((-5)/(-30)*4/(-22))?
3, 11, 53
Let q(w) = -19*w + 20 - 2 - 4 + 3. What are the prime factors of q(-10)?
3, 23
Let d be -6*19/(-2) + -4. Suppose -9*i = -10*i + d. What are the prime factors of i?
53
Suppose f + n - 186 = 0, -5*f + 171 + 723 = -4*n. List the prime factors of f.
2, 7, 13
Let j(w) be the first derivative of -13*w**3/3 - 2*w**2 - 5*w + 3. Let f(v) be the first derivative of j(v). List the prime factors of f(-2).
2, 3
Suppose -12*w + 45089 = 3305. List the prime factors of w.
2, 1741
Suppose -5 = -5*j, -6*z + z - 2*j + 4067 = 0. What are the prime factors of z?
3, 271
Let a = -6 - -12. Let q = 22 - 19. S